-1114. List the prime factors of u.
2, 223
Let p = -168 - -171. Suppose -w - 169 = -5*j - 523, -5*j - 1082 = -p*w. What are the prime factors of w?
2, 7, 13
Suppose -27 = -2*n - 7*n. Suppose -3*j + 12 = n. Suppose 290 + 223 = 4*c - 5*o, -j*c = 4*o - 377. List the prime factors of c.
127
Let z(r) = r**3 - 4*r**2 - 4*r - 2. Let b be z(5). Suppose -4*n = 2*d - 698, 2*n + 3*n - 856 = b*d. What are the prime factors of n?
173
Suppose -88*o + 94*o = 8328. Suppose 4*c + 686 = 2*v, -4*v - 4*c - o = -8*v. What are the prime factors of v?
3, 13
Let z(m) = -m**2 - 11*m - 8. Let d be z(-7). Let h = -35 + 35. Let i = d + h. List the prime factors of i.
2, 5
Let c = -28637 - -78536. List the prime factors of c.
3, 16633
Let v = 14161 - 6598. List the prime factors of v.
3, 2521
Let i(v) = -23*v + 126. Let j be i(6). Suppose 18 = 3*x - 0. List the prime factors of (0 - 1)*j*x/12.
2, 3
Suppose -5*u + y - 6*y - 495 = 0, -4*u - 3*y - 396 = 0. Suppose 2*d - 248 = -2*h, 2*d + h - 216 = 37. Let x = u + d. List the prime factors of x.
2, 3, 5
Let n = 336 + 2295. List the prime factors of n.
3, 877
What are the prime factors of -7*23830/((-30)/3)?
7, 2383
Let k = 5256 + 2193. What are the prime factors of k?
3, 13, 191
Let k = -26 + 39. Suppose 2*v + 0*o - o - k = 0, -5*o = -2*v + 33. Suppose -2*q + v*p = 2*q - 16, -5*q + 22 = -4*p. List the prime factors of q.
2, 3
Let q be 4 - -6 - (7 + -1)/2. Suppose -5*l - 1335 = 5*h, -2*l - 1077 = 4*h - q*l. What are the prime factors of -1 + h/(-2 + -2) + 1?
67
Suppose -4*p - 3 = -o, 0 = -0*o - 4*o - p + 12. Let r(v) = 175*v + 36. List the prime factors of r(o).
3, 11, 17
Let x(m) = m**2 + 4*m - 39. Let w be 24 + (-3*(3 + -2) - -3). Let s = 33 - w. What are the prime factors of x(s)?
2, 3, 13
Let p(o) be the third derivative of 2*o**6/15 + 3*o**5/20 + o**4/3 - 20*o**3/3 - o**2 - 13. List the prime factors of p(4).
2, 5, 29
Suppose -98*v - 473598 = -2429188. List the prime factors of v.
5, 13, 307
Let q = -22 + -82. Let t = q - -84. What are the prime factors of 91 - (t/(-5) - -1)?
2, 43
Suppose 24*k - 8 = 20*k. Suppose -t - g + 171 = 4*t, -4*t = -4*g - 156. Suppose k*j + 2*q + t = 5*j, -3*q = j - 30. List the prime factors of j.
3, 5
Let s = 115 - 33. Suppose 505 = 4*f + 489. Suppose -2 - s = -f*b. List the prime factors of b.
3, 7
Let m = -4019 + 22411. What are the prime factors of m?
2, 11, 19
Suppose 22*s - 26*s + 44422 = 2*b, b = s + 22190. What are the prime factors of b?
3, 7, 151
Suppose 0 = 5*n - 2843 - 26597. What are the prime factors of n/112 - (-9)/21?
53
Let r(l) = -2457*l + 53. What are the prime factors of r(-6)?
5, 11, 269
Let x(f) = -9*f + 40. Let y(w) = w**3 - 6*w**2 + 4*w - 1. Let g = -37 - -42. Let k be y(g). What are the prime factors of x(k)?
2, 47
Let s = 18873 - 9887. List the prime factors of s.
2, 4493
Suppose z = -525*g + 528*g - 55770, 5*g = -5*z + 92910. What are the prime factors of g?
2, 3, 1549
Let k(s) = -4*s**3 - 4*s**2 - 7*s - 4. Suppose 3*n - 18 = -5*o + 40, 3*n = -2*o + 61. Suppose 63*t - 70*t - n = 0. List the prime factors of k(t).
89
Suppose 2*h + 4*l + l - 413 = 0, h = -3*l + 204. Let u = 315 - h. Let i = u + -18. What are the prime factors of i?
2, 3, 13
What are the prime factors of ((-270)/405)/((-2)/6975)?
3, 5, 31
Suppose 83838 = -102*d + 105*d. List the prime factors of d.
2, 89, 157
Let y = -61867 + 118253. List the prime factors of y.
2, 11, 233
Let u(g) = 6*g**2 - 4*g + 6. Let y = -87 + 47. Let a = -44 - y. What are the prime factors of u(a)?
2, 59
Let t(n) = -3492*n + 85. What are the prime factors of t(-1)?
7, 73
Let u = 13 + -3. What are the prime factors of (3/2)/(u/1180)?
3, 59
Suppose 2*p - 3*d - 26057 = 0, 2*p - 26043 = -36*d + 37*d. List the prime factors of p.
2, 23, 283
Let n(v) = -6447*v**3 + v**2 + 47*v + 46. List the prime factors of n(-1).
3, 7, 307
Suppose -3*i = -5*s + 294571, -2*s - 312*i + 117829 = -313*i. List the prime factors of s.
2, 11, 13, 103
Let f(t) = 26 - 18 + 22 + 6*t. Suppose 69*y = 70*y + 104*y - 735. List the prime factors of f(y).
2, 3
Let u(o) = o**2 - 9*o - 3. Let s(l) = -2*l - 17. Let x be s(-5). Let c be u(x). Let a = c - 4. What are the prime factors of a?
3, 5, 7
Let z(w) = w**2 - 20*w + 4. Let v be z(20). Suppose 2*q + 1686 = 4*o, v*o + 0*q = -2*q + 1706. What are the prime factors of o?
2, 53
Suppose -i + 17783 = -5*w, 17801 - 30 = i - 3*w. List the prime factors of i.
41, 433
Let o = 4683 - -28750. List the prime factors of o.
67, 499
Suppose -4*k = -5*y + 14, 5*y - 8*k + 11*k = 7. Suppose w = -y*w + 12, 4*d - 2372 = w. List the prime factors of d.
2, 3, 11
Let j(i) = 10*i**3 - i**2 + i - 5. Let q be j(3). Suppose -3*p - 3*f + 789 = 0, 45*p + 3*f = 46*p - q. What are the prime factors of p?
2, 131
Let u be 303/33 - (-20)/(-110). List the prime factors of 4*142 - 55/(2 + u).
563
Suppose 73*h - 74*h + 2 = 0. Suppose -3*t = -15, 2*t = 2*b - h - 4. Suppose -b*g = -3*n - 3*g + 391, 0 = 5*g - 5. List the prime factors of n.
2, 3, 11
Suppose -5*i - 2 = -6*i. Suppose -q + 0 = -i*x - 52, 4*q + 2*x - 168 = 0. Suppose -40*v - 748 = -q*v. What are the prime factors of v?
11, 17
List the prime factors of (550/22 + -23)*8189.
2, 19, 431
Suppose -14*n = n - 4*n - 69454. List the prime factors of n.
2, 7, 11, 41
Let t(j) = -j**2 + 10. Let r be t(5). Let k be (6/r)/((-1)/(-5))*7. Let p = k + 68. List the prime factors of p.
2, 3
Let k(q) = -48*q + 5. Let h be k(-8). Let y = h - 145. What are the prime factors of y?
2, 61
Let i(u) = 56*u - 110. Let j be i(2). Suppose -a + 25 = 4*a. Suppose 0 = a*d + j*v - 599, 3*d - 5*v - 499 = -d. What are the prime factors of d?
11
Let y(h) = 5*h - 20. Let m be y(5). Suppose -2*x = -3*z + 85, -m*z + x + 73 = -64. Let b = 45 - z. List the prime factors of b.
2, 3
Let w be (-4)/(3/((-6)/4)). Let q(p) be the second derivative of p**5/20 + p**4/6 + p**3/6 - p**2/2 - p - 197. List the prime factors of q(w).
17
Let c(a) = 1170*a - 430. List the prime factors of c(6).
2, 5, 659
Let q be (7275/(-25))/(6/28). Let a = -621 - q. List the prime factors of a.
11, 67
Suppose -5*a + 35 = 2*a. Suppose a*s - 3*p + 0*p - 17 = 0, 5 = 5*p. Suppose 0 = -5*l + 4*b - 265 + 794, l - s*b = 93. What are the prime factors of l?
109
Let w be (-76)/(-380) - 19*1/(-5). Suppose -w*c - 3*t = c - 2718, -3*c + 3*t + 1626 = 0. What are the prime factors of c?
3, 181
Suppose 27550724 + 7593778 = 537*l. List the prime factors of l.
2, 43, 761
Let k = 702 - -593. Let z = k - 777. What are the prime factors of z?
2, 7, 37
Suppose 0 = 14*l + 19*l - 930374 - 1636333. List the prime factors of l.
13, 31, 193
List the prime factors of (2*7428/8)/(((-40)/(-92))/10).
3, 23, 619
Suppose -2*m = -3*m + 5*q + 3, -50 = -4*m + q. Suppose -11*b + m*b - 1311 = 3*z, -b + 3*z + 654 = 0. What are the prime factors of b?
3, 73
Let q = 4731 + -2336. List the prime factors of q.
5, 479
Suppose 4*p + 18 = -i + p, -2*i = 4*p + 28. Let u be (-31 - -4)*((-20)/i - 1). Let t = 186 + u. What are the prime factors of t?
3, 41
Suppose -5*f - 3*s + 935 = 0, 0 = 4*f - f - 4*s - 532. Let t = 143 + f. What are the prime factors of t?
3, 109
Suppose 15*w - 78948 = -12*w. Suppose -12*q = -5860 - w. List the prime factors of q.
2, 3, 61
Let w(x) = -x**2 - 5*x. Let v be w(-4). Suppose 0 = -4*y - v*z + 320, -3*z = 3*y - 2*z - 244. Suppose -y - 66 = -4*m. List the prime factors of m.
37
Let n(r) = -59 - r - 2*r + 59. Let o be n(0). Suppose 203 = 3*v - c, -4*v = -o*v + 4*c - 276. List the prime factors of v.
2, 17
Let a(y) = -5*y - 2. Suppose 3*k = -u - u - 6, -5*u = 3*k + 15. What are the prime factors of a(u)?
13
Suppose -1343*s + 7670 = -1330*s. List the prime factors of s.
2, 5, 59
Let x(i) = i**3 + 18*i**2 - 20*i + 1. Let c be x(-19). Suppose -c*h + 18*h = -632. What are the prime factors of h?
2, 79
Let g be 12/8 + 4/8. Suppose 3*d = a + 144, 0 = -g*a - 3*d - 0 - 243. Let n = a + 222. List the prime factors of n.
3, 31
Suppose -5*g - 4697 = 10*b - 6*b, -2*b = 3*g + 2349. Let a = 2004 + b. List the prime factors of a.
3, 277
Suppose 2*v = 789 + 3. Suppose 0 = -7*k + 4169 - v. List the prime factors of k.
7, 11
Let v be 4/(-22) - 633/(-66)*2. Suppose -v*y = -16*y. Suppose y = -x - x + 286. List the prime factors of x.
11, 13
Suppose g + y = 15, -4 = -g - 4*y + 2. Suppose 0 = -g*n + 17*n